{"id":78,"date":"2015-02-15T10:06:04","date_gmt":"2015-02-15T09:06:04","guid":{"rendered":"http:\/\/www.cacn.fr\/cacn\/?page_id=78"},"modified":"2020-06-21T10:45:07","modified_gmt":"2020-06-21T09:45:07","slug":"contact","status":"publish","type":"page","link":"https:\/\/www.cacn.fr\/cacn\/contact\/","title":{"rendered":"Contact"},"content":{"rendered":"<p style=\"text-align: center;\">Vous \u00eates une entreprise et souhaitez devenir partenaire du Club des Amateurs de Cigare du Narbonnais, vous pouvez utiliser le formulaire de contact ci-dessous.<\/p>\n<blockquote>\n<p style=\"text-align: center;\"><span style=\"color: #ff0000;\">Attention: Aucune r\u00e9ponse ne sera donn\u00e9e pour toute demande d&rsquo;adh\u00e9sion ou de participation aux diners du Club.<\/span><\/p>\n<p style=\"text-align: center;\"><span style=\"color: #ff0000;\">En mati\u00e8re d&rsquo;adh\u00e9sion, c&rsquo;est toujours le Club qui contacte le futur membre.<\/span><\/p>\n<\/blockquote>\n<p style=\"text-align: center;\">\n<div class=\"wpcf7 no-js\" id=\"wpcf7-f77-o1\" lang=\"fr-FR\" dir=\"ltr\" data-wpcf7-id=\"77\">\n<div class=\"screen-reader-response\"><p role=\"status\" aria-live=\"polite\" aria-atomic=\"true\"><\/p> <ul><\/ul><\/div>\n<form action=\"\/cacn\/wp-json\/wp\/v2\/pages\/78#wpcf7-f77-o1\" method=\"post\" class=\"wpcf7-form init\" aria-label=\"Formulaire de contact\" novalidate=\"novalidate\" data-status=\"init\">\n<fieldset class=\"hidden-fields-container\"><input type=\"hidden\" name=\"_wpcf7\" value=\"77\" \/><input type=\"hidden\" name=\"_wpcf7_version\" value=\"6.1.5\" \/><input type=\"hidden\" name=\"_wpcf7_locale\" value=\"fr_FR\" \/><input type=\"hidden\" name=\"_wpcf7_unit_tag\" value=\"wpcf7-f77-o1\" \/><input type=\"hidden\" name=\"_wpcf7_container_post\" value=\"0\" \/><input type=\"hidden\" name=\"_wpcf7_posted_data_hash\" value=\"\" \/><input type=\"hidden\" name=\"_wpcf7_recaptcha_response\" value=\"\" \/>\n<\/fieldset>\n<p style=\"text-align: center;\">Votre nom (obligatoire)\n<\/p>\n<p><span class=\"wpcf7-form-control-wrap\" data-name=\"your-name\"><input size=\"40\" maxlength=\"400\" class=\"wpcf7-form-control wpcf7-text wpcf7-validates-as-required\" aria-required=\"true\" aria-invalid=\"false\" value=\"\" type=\"text\" name=\"your-name\" \/><\/span>\n<\/p>\n<p style=\"text-align: center;\">Votre email (obligatoire)\n<\/p>\n<p><span class=\"wpcf7-form-control-wrap\" data-name=\"your-email\"><input size=\"40\" maxlength=\"400\" class=\"wpcf7-form-control wpcf7-email wpcf7-validates-as-required wpcf7-text wpcf7-validates-as-email\" aria-required=\"true\" aria-invalid=\"false\" value=\"\" type=\"email\" name=\"your-email\" \/><\/span>\n<\/p>\n<p style=\"text-align: center;\">Sujet\n<\/p>\n<p><span class=\"wpcf7-form-control-wrap\" data-name=\"your-subject\"><input size=\"40\" maxlength=\"400\" class=\"wpcf7-form-control wpcf7-text\" aria-invalid=\"false\" value=\"\" type=\"text\" name=\"your-subject\" \/><\/span>\n<\/p>\n<p style=\"text-align: center;\">Votre message\n<\/p>\n<p><span class=\"wpcf7-form-control-wrap\" data-name=\"your-message\"><textarea cols=\"40\" rows=\"10\" maxlength=\"2000\" class=\"wpcf7-form-control wpcf7-textarea\" aria-invalid=\"false\" name=\"your-message\"><\/textarea><\/span>\n<\/p>\n<p style=\"text-align: center;\"><input type=\"hidden\" name=\"_wpcf7_captcha_challenge_captcha-293\" value=\"904134570\" \/><img loading=\"lazy\" decoding=\"async\" class=\"wpcf7-form-control wpcf7-captchac wpcf7-captcha-captcha-293\" width=\"72\" height=\"24\" alt=\"captcha\" src=\"https:\/\/www.cacn.fr\/cacn\/wp-content\/uploads\/wpcf7_captcha\/904134570.png\" \/>\n<\/p>\n<p style=\"text-align: center;\">Saisissez les caract\u00e8res de l'image\n<\/p>\n<p><span class=\"wpcf7-form-control-wrap\" data-name=\"captcha-293\"><input size=\"40\" class=\"wpcf7-form-control wpcf7-captchar\" autocomplete=\"off\" aria-invalid=\"false\" value=\"\" type=\"text\" name=\"captcha-293\" \/><\/span>\n<\/p>\n<p style=\"text-align: center;\"><input class=\"wpcf7-form-control wpcf7-submit has-spinner\" type=\"submit\" value=\"Envoyer\" \/>\n<\/p><div class=\"wpcf7-response-output\" aria-hidden=\"true\"><\/div>\n<\/form>\n<\/div>\n<\/p>\n","protected":false},"excerpt":{"rendered":"<p class=\"excerpt\">Vous \u00eates une entreprise et souhaitez devenir partenaire du Club des Amateurs de Cigare du Narbonnais, vous pouvez utiliser le formulaire de contact ci-dessous. Attention: Aucune r\u00e9ponse ne sera donn\u00e9e pour toute demande d&rsquo;adh\u00e9sion ou de participation aux diners du Club. En mati\u00e8re d&rsquo;adh\u00e9sion, c&rsquo;est toujours le Club qui contacte le futur membre. <a href=\"https:\/\/www.cacn.fr\/cacn\/contact\/\">Read more &rarr;<\/a><\/p>\n","protected":false},"author":1,"featured_media":0,"parent":0,"menu_order":0,"comment_status":"closed","ping_status":"closed","template":"","meta":{"footnotes":""},"class_list":["post-78","page","type-page","status-publish","hentry","xfolkentry"],"yoast_head":"<!-- This site is optimized with the Yoast SEO plugin v27.4 - https:\/\/yoast.com\/product\/yoast-seo-wordpress\/ -->\n<title>Contact - CACN<\/title>\n<meta name=\"description\" content=\"Vous \u00eates une entreprise et souhaitez devenir partenaire du Club des Amateurs de Cigare du Narbonnais, vous pouvez utiliser le formulaire de contact.\" \/>\n<meta name=\"robots\" content=\"index, follow, max-snippet:-1, max-image-preview:large, max-video-preview:-1\" \/>\n<link rel=\"canonical\" href=\"https:\/\/www.cacn.fr\/cacn\/contact\/\" \/>\n<meta property=\"og:locale\" content=\"fr_FR\" \/>\n<meta property=\"og:type\" content=\"article\" \/>\n<meta property=\"og:title\" content=\"Contact - CACN\" \/>\n<meta property=\"og:description\" content=\"Vous \u00eates une entreprise et souhaitez devenir partenaire du Club des Amateurs de Cigare du Narbonnais, vous pouvez utiliser le formulaire de contact.\" \/>\n<meta property=\"og:url\" content=\"https:\/\/www.cacn.fr\/cacn\/contact\/\" \/>\n<meta property=\"og:site_name\" content=\"CACN\" \/>\n<meta property=\"article:modified_time\" content=\"2020-06-21T09:45:07+00:00\" \/>\n<meta name=\"twitter:card\" content=\"summary_large_image\" \/>\n<script type=\"application\/ld+json\" class=\"yoast-schema-graph\">{\"@context\":\"https:\\\/\\\/schema.org\",\"@graph\":[{\"@type\":\"WebPage\",\"@id\":\"https:\\\/\\\/www.cacn.fr\\\/cacn\\\/contact\\\/\",\"url\":\"https:\\\/\\\/www.cacn.fr\\\/cacn\\\/contact\\\/\",\"name\":\"Contact - CACN\",\"isPartOf\":{\"@id\":\"https:\\\/\\\/www.cacn.fr\\\/cacn\\\/#website\"},\"datePublished\":\"2015-02-15T09:06:04+00:00\",\"dateModified\":\"2020-06-21T09:45:07+00:00\",\"description\":\"Vous \u00eates une entreprise et souhaitez devenir partenaire du Club des Amateurs de Cigare du Narbonnais, vous pouvez utiliser le formulaire de contact.\",\"breadcrumb\":{\"@id\":\"https:\\\/\\\/www.cacn.fr\\\/cacn\\\/contact\\\/#breadcrumb\"},\"inLanguage\":\"fr-FR\",\"potentialAction\":[{\"@type\":\"ReadAction\",\"target\":[\"https:\\\/\\\/www.cacn.fr\\\/cacn\\\/contact\\\/\"]}]},{\"@type\":\"BreadcrumbList\",\"@id\":\"https:\\\/\\\/www.cacn.fr\\\/cacn\\\/contact\\\/#breadcrumb\",\"itemListElement\":[{\"@type\":\"ListItem\",\"position\":1,\"name\":\"Accueil\",\"item\":\"https:\\\/\\\/www.cacn.fr\\\/cacn\\\/\"},{\"@type\":\"ListItem\",\"position\":2,\"name\":\"Contact\"}]},{\"@type\":\"WebSite\",\"@id\":\"https:\\\/\\\/www.cacn.fr\\\/cacn\\\/#website\",\"url\":\"https:\\\/\\\/www.cacn.fr\\\/cacn\\\/\",\"name\":\"CACN\",\"description\":\"Club des Amateurs de Cigares du Narbonnais\",\"publisher\":{\"@id\":\"https:\\\/\\\/www.cacn.fr\\\/cacn\\\/#organization\"},\"potentialAction\":[{\"@type\":\"SearchAction\",\"target\":{\"@type\":\"EntryPoint\",\"urlTemplate\":\"https:\\\/\\\/www.cacn.fr\\\/cacn\\\/?s={search_term_string}\"},\"query-input\":{\"@type\":\"PropertyValueSpecification\",\"valueRequired\":true,\"valueName\":\"search_term_string\"}}],\"inLanguage\":\"fr-FR\"},{\"@type\":\"Organization\",\"@id\":\"https:\\\/\\\/www.cacn.fr\\\/cacn\\\/#organization\",\"name\":\"Club des Amateurs de Cigare du Narbonne\",\"url\":\"https:\\\/\\\/www.cacn.fr\\\/cacn\\\/\",\"logo\":{\"@type\":\"ImageObject\",\"inLanguage\":\"fr-FR\",\"@id\":\"https:\\\/\\\/www.cacn.fr\\\/cacn\\\/#\\\/schema\\\/logo\\\/image\\\/\",\"url\":\"https:\\\/\\\/www.cacn.fr\\\/cacn\\\/wp-content\\\/uploads\\\/2013\\\/11\\\/cacn_home.jpg\",\"contentUrl\":\"https:\\\/\\\/www.cacn.fr\\\/cacn\\\/wp-content\\\/uploads\\\/2013\\\/11\\\/cacn_home.jpg\",\"width\":1491,\"height\":836,\"caption\":\"Club des Amateurs de Cigare du Narbonne\"},\"image\":{\"@id\":\"https:\\\/\\\/www.cacn.fr\\\/cacn\\\/#\\\/schema\\\/logo\\\/image\\\/\"}}]}<\/script>\n<!-- \/ Yoast SEO plugin. -->","yoast_head_json":{"title":"Contact - CACN","description":"Vous \u00eates une entreprise et souhaitez devenir partenaire du Club des Amateurs de Cigare du Narbonnais, vous pouvez utiliser le formulaire de contact.","robots":{"index":"index","follow":"follow","max-snippet":"max-snippet:-1","max-image-preview":"max-image-preview:large","max-video-preview":"max-video-preview:-1"},"canonical":"https:\/\/www.cacn.fr\/cacn\/contact\/","og_locale":"fr_FR","og_type":"article","og_title":"Contact - CACN","og_description":"Vous \u00eates une entreprise et souhaitez devenir partenaire du Club des Amateurs de Cigare du Narbonnais, vous pouvez utiliser le formulaire de contact.","og_url":"https:\/\/www.cacn.fr\/cacn\/contact\/","og_site_name":"CACN","article_modified_time":"2020-06-21T09:45:07+00:00","twitter_card":"summary_large_image","schema":{"@context":"https:\/\/schema.org","@graph":[{"@type":"WebPage","@id":"https:\/\/www.cacn.fr\/cacn\/contact\/","url":"https:\/\/www.cacn.fr\/cacn\/contact\/","name":"Contact - CACN","isPartOf":{"@id":"https:\/\/www.cacn.fr\/cacn\/#website"},"datePublished":"2015-02-15T09:06:04+00:00","dateModified":"2020-06-21T09:45:07+00:00","description":"Vous \u00eates une entreprise et souhaitez devenir partenaire du Club des Amateurs de Cigare du Narbonnais, vous pouvez utiliser le formulaire de contact.","breadcrumb":{"@id":"https:\/\/www.cacn.fr\/cacn\/contact\/#breadcrumb"},"inLanguage":"fr-FR","potentialAction":[{"@type":"ReadAction","target":["https:\/\/www.cacn.fr\/cacn\/contact\/"]}]},{"@type":"BreadcrumbList","@id":"https:\/\/www.cacn.fr\/cacn\/contact\/#breadcrumb","itemListElement":[{"@type":"ListItem","position":1,"name":"Accueil","item":"https:\/\/www.cacn.fr\/cacn\/"},{"@type":"ListItem","position":2,"name":"Contact"}]},{"@type":"WebSite","@id":"https:\/\/www.cacn.fr\/cacn\/#website","url":"https:\/\/www.cacn.fr\/cacn\/","name":"CACN","description":"Club des Amateurs de Cigares du Narbonnais","publisher":{"@id":"https:\/\/www.cacn.fr\/cacn\/#organization"},"potentialAction":[{"@type":"SearchAction","target":{"@type":"EntryPoint","urlTemplate":"https:\/\/www.cacn.fr\/cacn\/?s={search_term_string}"},"query-input":{"@type":"PropertyValueSpecification","valueRequired":true,"valueName":"search_term_string"}}],"inLanguage":"fr-FR"},{"@type":"Organization","@id":"https:\/\/www.cacn.fr\/cacn\/#organization","name":"Club des Amateurs de Cigare du Narbonne","url":"https:\/\/www.cacn.fr\/cacn\/","logo":{"@type":"ImageObject","inLanguage":"fr-FR","@id":"https:\/\/www.cacn.fr\/cacn\/#\/schema\/logo\/image\/","url":"https:\/\/www.cacn.fr\/cacn\/wp-content\/uploads\/2013\/11\/cacn_home.jpg","contentUrl":"https:\/\/www.cacn.fr\/cacn\/wp-content\/uploads\/2013\/11\/cacn_home.jpg","width":1491,"height":836,"caption":"Club des Amateurs de Cigare du Narbonne"},"image":{"@id":"https:\/\/www.cacn.fr\/cacn\/#\/schema\/logo\/image\/"}}]}},"_links":{"self":[{"href":"https:\/\/www.cacn.fr\/cacn\/wp-json\/wp\/v2\/pages\/78","targetHints":{"allow":["GET"]}}],"collection":[{"href":"https:\/\/www.cacn.fr\/cacn\/wp-json\/wp\/v2\/pages"}],"about":[{"href":"https:\/\/www.cacn.fr\/cacn\/wp-json\/wp\/v2\/types\/page"}],"author":[{"embeddable":true,"href":"https:\/\/www.cacn.fr\/cacn\/wp-json\/wp\/v2\/users\/1"}],"replies":[{"embeddable":true,"href":"https:\/\/www.cacn.fr\/cacn\/wp-json\/wp\/v2\/comments?post=78"}],"version-history":[{"count":7,"href":"https:\/\/www.cacn.fr\/cacn\/wp-json\/wp\/v2\/pages\/78\/revisions"}],"predecessor-version":[{"id":544,"href":"https:\/\/www.cacn.fr\/cacn\/wp-json\/wp\/v2\/pages\/78\/revisions\/544"}],"wp:attachment":[{"href":"https:\/\/www.cacn.fr\/cacn\/wp-json\/wp\/v2\/media?parent=78"}],"curies":[{"name":"wp","href":"https:\/\/api.w.org\/{rel}","templated":true}]}}